{"id":896,"date":"2025-03-28T14:38:17","date_gmt":"2025-03-28T14:38:17","guid":{"rendered":"https:\/\/holisens.fondation.online\/?post_type=product&#038;p=896"},"modified":"2026-03-16T10:46:20","modified_gmt":"2026-03-16T10:46:20","slug":"serum-tendresse","status":"publish","type":"product","link":"https:\/\/holisens.fondation.online\/?product=serum-tendresse","title":{"rendered":"S\u00e9rum Hydra Boost"},"content":{"rendered":"<p>Hydrate &amp; Unifie.<\/p>\n<p><strong>Booster <\/strong>d\u2019<strong>hydratation <\/strong>pour<strong> peaux s\u00eaches<\/strong> \u00e0 prix doux enrichi en <strong>Acide Hyaluronique,<\/strong> <strong>Quartz Rose<\/strong> &amp; <strong>Basilic Sacr\u00e9<\/strong><strong>.<\/strong><\/p>\n<p><strong>98% d&rsquo;origine naturelle <\/strong>et<strong> v\u00e9gan<\/strong>.<\/p>\n<p>Fabrication fran\u00e7aise.<\/p>\n<p>&nbsp;<\/p>\n","protected":false},"excerpt":{"rendered":"<p style=\"text-align: center;\"><strong>Booster d\u2019hydratation<\/strong> intense pour<strong> r\u00e9v\u00e8ler une peau plus lisse<\/strong> et un <strong>teint naturellement harmonieux.<\/strong><br \/>\n<strong>Hydratant <\/strong>puissant, ce s\u00e9rum r\u00e9v\u00e8le la tendresse naturelle de votre peau tout en <strong>lissant les marques du temps<\/strong> et du <strong>stress<\/strong>.<\/p>\n<p style=\"text-align: center;\">Test\u00e9 sous contr\u00f4le dermatologique<br \/>\n<strong>98% d\u2019origine naturelle et v\u00e9gan<\/strong><\/p>\n<p style=\"text-align: center;\">Fabrication fran\u00e7aise<\/p>\n","protected":false},"featured_media":1586,"template":"","meta":{"_acf_changed":false},"product_brand":[31],"product_cat":[20],"product_tag":[],"class_list":{"0":"post-896","1":"product","2":"type-product","3":"status-publish","4":"has-post-thumbnail","6":"product_brand-e1","7":"product_cat-serum","9":"first","10":"instock","11":"taxable","12":"shipping-taxable","13":"purchasable","14":"product-type-simple"},"acf":[],"_links":{"self":[{"href":"https:\/\/holisens.fondation.online\/index.php?rest_route=\/wp\/v2\/product\/896","targetHints":{"allow":["GET"]}}],"collection":[{"href":"https:\/\/holisens.fondation.online\/index.php?rest_route=\/wp\/v2\/product"}],"about":[{"href":"https:\/\/holisens.fondation.online\/index.php?rest_route=\/wp\/v2\/types\/product"}],"wp:featuredmedia":[{"embeddable":true,"href":"https:\/\/holisens.fondation.online\/index.php?rest_route=\/wp\/v2\/media\/1586"}],"wp:attachment":[{"href":"https:\/\/holisens.fondation.online\/index.php?rest_route=%2Fwp%2Fv2%2Fmedia&parent=896"}],"wp:term":[{"taxonomy":"product_brand","embeddable":true,"href":"https:\/\/holisens.fondation.online\/index.php?rest_route=%2Fwp%2Fv2%2Fproduct_brand&post=896"},{"taxonomy":"product_cat","embeddable":true,"href":"https:\/\/holisens.fondation.online\/index.php?rest_route=%2Fwp%2Fv2%2Fproduct_cat&post=896"},{"taxonomy":"product_tag","embeddable":true,"href":"https:\/\/holisens.fondation.online\/index.php?rest_route=%2Fwp%2Fv2%2Fproduct_tag&post=896"}],"curies":[{"name":"wp","href":"https:\/\/api.w.org\/{rel}","templated":true}]}}